 - 10. Let n be x(-7). Let q be (n/8)/((-2)/(-24)). Suppose -l - q = -17. List the prime factors of l.
11
List the prime factors of (-9)/(180/224)*-5.
2, 7
Suppose 4*u - 2 + 18 = 0. List the prime factors of (-155)/(-9) - u/(-18).
17
Let v = -16 - -21. Let i = 20 + v. What are the prime factors of i?
5
Suppose 2*t = 5*g - 58 + 253, -4*t + 385 = -5*g. What are the prime factors of t/3 + 8/24?
2
Let b(v) = -3*v + 2. Let k be b(6). Let u be ((-9)/(-3))/((-3)/(-1)). Let p = u - k. What are the prime factors of p?
17
Suppose w - 4*w - 3*q = -282, 317 = 3*w - 4*q. What are the prime factors of w?
3, 11
Let f(p) = p + 4 + 1 - 4. Let m be 34/4 - (-1)/(-2). What are the prime factors of f(m)?
3
Let m = 80 - 26. Suppose 2*i + 6*q - q = 57, 4*i = 2*q + m. Suppose 0 = -5*f - 4*t + 46, 3*t + t - i = 0. List the prime factors of f.
2, 3
Let h = -20 + 36. What are the prime factors of h?
2
Let c be (4 + -1)*(-7)/(-3). Let f = 6 - c. What are the prime factors of (f*1)/((-3)/39)?
13
Suppose -2*z - 2*z = -3*k - 10, 0 = 2*z - 8. Suppose k*t - 40 = 10. List the prime factors of t.
5
Let p(s) = 5*s**2 + 6*s + 1. List the prime factors of p(3).
2
List the prime factors of (1 - -1)/(8/84).
3, 7
Let a = 194 + -73. List the prime factors of a.
11
Suppose -2*f = -12 + 18. What are the prime factors of (-69)/f - 6/2?
2, 5
Suppose 0 = 4*u - 15 - 9. Suppose u*c - 10*c = -144. List the prime factors of c.
2, 3
Let z = -13 + 17. Let f = z + 4. List the prime factors of f.
2
What are the prime factors of 3 - (-1)/(2/90)?
2, 3
Let c = 37 - 24. Let l be -3 + c + -3 + 3. Suppose -18 = -4*s + l. What are the prime factors of s?
7
Let k(p) = -p**2 + 10*p - 12. Let l be k(8). Suppose d + 54 = l*d. What are the prime factors of d?
2, 3
Let j = 4 - -1. Suppose -4*f + 2*f + 26 = j*b, f + 9 = 3*b. Suppose 2 = 2*p - b. List the prime factors of p.
3
What are the prime factors of -6*(-1 + 26/(-6))?
2
Suppose -27*h = -31*h + 104. What are the prime factors of h?
2, 13
Let s be 1/((-2 + 1)/1). Let v be -2 + 8*s/(-2). Suppose -4*o + 6 = -v. What are the prime factors of o?
2
Let b(j) = -4*j**2 + j - 1. Let n(a) = 11*a**2 - 4*a + 4. Let g be (4/(-2))/(-1) + 1. Let c(l) = g*n(l) + 8*b(l). What are the prime factors of c(4)?
2
Suppose 3*r - 76 = 308. List the prime factors of r.
2
Let i = -101 + 179. What are the prime factors of i?
2, 3, 13
Let q(o) = -o + 9 + o - o**2 + 0 + 9*o. What are the prime factors of q(9)?
3
Suppose 32 + 0 = 2*t. What are the prime factors of t?
2
Let c(s) = -s**3 - 4*s**2 - 5*s. Let i be c(-4). Let g = i + -11. What are the prime factors of g?
3
Let j(y) = 12*y - 32. List the prime factors of j(5).
2, 7
Let f be ((-1)/(-3))/(4/24). Let c = 0 - f. Let q(h) = -4*h - 3. What are the prime factors of q(c)?
5
Let l(y) = 5*y**2 - 3*y - 3. Let s be l(3). Let j = s + -16. What are the prime factors of j?
17
Let a be (-42)/4 - (-2)/4. Let f = a + 16. What are the prime factors of f?
2, 3
Suppose 3*t - 15 = -2*s, 6*s + 2*t - 10 = 2*s. Suppose -h = -s - 4. Suppose h*q + 21 = 3*a - q, -2*a - q = -14. List the prime factors of a.
7
Suppose 51 = 3*c - 72. What are the prime factors of c?
41
Suppose -5*z - 18 = 3*j, 5*j + 5*z + 26 = -4. Let w be -3*(1 + 4/j). List the prime factors of (-19 - w)*(-2)/3.
2, 3
Let h(j) = -8*j + 2. Let d be h(2). Let o = -10 - d. Suppose 2*g = o*a - 2*g, -2*a + 2 = -g. List the prime factors of a.
2
Let c(k) = -22*k - 4. Let v be c(-4). Suppose -8*s = -5*s - v. What are the prime factors of s?
2, 7
Let b = 8 + -6. Let t(q) be the second derivative of q**4/4 - q**3/6 - q**2 - 2*q. List the prime factors of t(b).
2
Let q(h) be the second derivative of 5*h**3/6 - 17*h**2/2 + 5*h. What are the prime factors of q(7)?
2, 3
Suppose -2*h + x + 8 = h, -x = 3*h - 16. Suppose 0 = 2*l - 4*c - 0*c - 42, 3*l - 83 = -h*c. What are the prime factors of l?
5
Let t = -16 - -108. What are the prime factors of t?
2, 23
Suppose 2*g - 4*g + 52 = 0. What are the prime factors of (-4)/8*(0 - g)?
13
Suppose 86 = 2*d - 152. What are the prime factors of d?
7, 17
Let z(u) = u**3 + 7*u**2 + 8*u - 5. Let x be z(-5). Let g be (6 + 0)*(-52)/(-12). Suppose -x*s - g = -91. What are the prime factors of s?
13
Let t(g) be the second derivative of -g**3/6 - 4*g**2 - 2*g. Let m be t(7). Let l = -10 - m. What are the prime factors of l?
5
Let p(t) = -7*t**3 + 7*t**2 + 2*t - 4. Let f be p(-5). What are the prime factors of f/35 - 4/(-10)?
2, 3, 5
Suppose 5*o = -2*m + 1678, -978 - 12 = -3*o + 3*m. List the prime factors of o.
2, 167
Suppose -2*m = m. Suppose 0 = -k - m*k + 3*o - 3, 4*k - o = -23. Let s(a) = a**2 + 5*a + 1. List the prime factors of s(k).
7
Suppose -4*a - a + 14 = c, 3*a + c = 8. Suppose -a*r - 20 = r. Let z(u) = -u - 1. What are the prime factors of z(r)?
2
Suppose 5*z - 623 - 212 = 0. List the prime factors of z.
167
Let w(f) = -5*f - 3. Let v be w(-6). Let s = v - 15. List the prime factors of s.
2, 3
Suppose -2*f = -0*l - l - 8, 0 = 2*f + 5*l - 32. Let b be (-3)/(2 + (-15)/f). List the prime factors of -12*(-2 - b/(-4)).
2, 3
Suppose 3 + 7 = u. Let k = 11 - 7. Suppose g + k*g = u. What are the prime factors of g?
2
Let q = 25 + -21. What are the prime factors of 2*(-2 + 14/q)?
3
Let x be (-34)/(-8) + 2/(-8). Suppose x*z + 8 = -4, -o + 1 = 2*z. What are the prime factors of o?
7
Suppose -11*z + 72 = -15*z. List the prime factors of (-968)/z + 2/9.
2, 3
Let w(i) = -9*i**3 + 5*i**2 + 9*i + 73. Let a(n) = -4*n**3 + 2*n**2 + 4*n + 37. Let j(y) = 7*a(y) - 3*w(y). What are the prime factors of j(0)?
2, 5
List the prime factors of 6/(-10)*(-54 + -1).
3, 11
Let r(q) = -58*q + 1. List the prime factors of r(-2).
3, 13
Let x(r) = 5*r**2 - 2*r - 2. Let n be x(-1). Suppose n*f - 33 = 4*f. List the prime factors of f.
3, 11
Let y = 5 - 3. Suppose -k + 81 = y*k. List the prime factors of k.
3
Suppose j = 2*j - 4. Suppose s = -j*v + 297, -3*s = -3*v + 8*v - 366. List the prime factors of ((-16)/(-10))/(10/v).
2, 3
Suppose 4*u = 4*g + g + 69, 3*g - 5*u = -44. Let n = g + 18. What are the prime factors of n?
5
What are the prime factors of -3 + 1 - (-66)/2?
31
Suppose 0 = -4*z - 5*b - 8, z + 5*b + 9 = 2*b. Let k be z - 0 - (-1 - 1). Suppose -3*j + 20 = 5*l, -k = -2*l - 3. What are the prime factors of j?
5
Suppose -g + 3 + 13 = 0. What are the prime factors of g?
2
Suppose 2*y = 3*w + 5*y + 9, -4*y = 5*w + 13. Let u = 0 - w. List the prime factors of u/5 - 19/(-5).
2
Let j be 53 - (-2 + 1 + -1). Let x = j - 19. Suppose -x = -3*t - t. List the prime factors of t.
3
Let a(r) = r**3 - 11*r**2 - 7*r - 11. What are the prime factors of a(12)?
7
Suppose -y - 2 - 1 = 0. Let d = -1 - y. Suppose -d*t = -5*r + 49, 4*t - 70 = -5*r - t. List the prime factors of r.
11
Suppose 0 = -8*i + 4*i + 12. Let l(t) = -7 + 3 + 7*t**i - 2*t**3 + 3. List the prime factors of l(1).
2
Let f(k) = 9*k**2 + k - 1. Let d(r) = -2*r + 19. Let g be d(9). What are the prime factors of f(g)?
3
Let u = 6 + -2. Suppose -u*x = -k + 3, 0*x = -5*k - x + 36. What are the prime factors of k?
7
Let i(x) = x**2. Suppose 4 = -2*o, 2*m - 2*o = 6*m + 12. Let g be i(m). Let j = 13 - g. What are the prime factors of j?
3
Suppose -i + 7 = 2*m - 15, -4 = -i + 4*m. Suppose 0 = 4*n + n + 50. Let q = n + i. List the prime factors of q.
2, 3
Suppose -52 = 2*x - 4*o, -2*x - 3*o = -o + 22. Suppose -2*c - 5*b - 33 = 0, -4*c = -0*c - 5*b + 141. Let l = x - c. What are the prime factors of l?
13
Suppose r = -3*r + 16. Let j = r + 0. Suppose 5*z - 10 = -a - 4*a, -3*a = 2*z - j. List the prime factors of z.
2
Let w(x) = x**2 + x. Let t(h) = -h**3 - 12*h**2 - 6*h - 6. Suppose -8*u + 3*u = 30. Let o(i) = u*w(i) - t(i). What are the prime factors of o(-6)?
2, 3
Let r = 214 + -103. List the prime factors of r.
3, 37
Let j(n) = -24*n - 14. List the prime factors of j(-5).
2, 53
List the prime factors of ((-3)/3)/((-10)/4270).
7, 61
Let m = -28 - -206. List the prime factors of m.
2, 89
Suppose 5*f + 11 = 4*h, f + 9 = 2*h + 2*f. Suppose 3*y + 9 = h*y. What are the prime factors of y?
3
Suppose 2*j - 6*j - 5*w + 18 = 0, 2*j - 12 = -4*w. Suppose -j*x + 5 = 1. What are the prime factors of x/(-8) - (-145)/20?
7
What are the prime factors of 6/9 + 21/9 - -138?
3, 47
Let m(a) be the third derivative of -a**4/24 - 5*a**3/6 + 3*a**2. Let k be m(-5). Suppos